What is the tens digit of p?
3
Let z(d) = -55*d**3 + 5*d**2 - 9*d + 32. What is the thousands digit of z(-6)?
2
Let v = -1014 - -235. Let g = -534 - v. What is the hundreds digit of g?
2
Suppose -j - 10977 = -5*b + 2*j, -4*b - j + 8785 = 0. Let a = 3691 - b. What is the units digit of a?
5
Let w be (6/5)/(38/95). Suppose 3*x - 950 = -u, 0 = 4*u - w*x + 661 - 4536. What is the units digit of u?
5
Suppose -3*i - 132 = 216. Let p = i - -71. What is the hundreds digit of ((-5)/(p/348))/(2/6)?
1
Suppose 30*w - h + 1901 = 34*w, w - 2*h = 482. Suppose -7*c + w = -1141. What is the tens digit of c?
3
Suppose 0 = 5*j - 3*g - 138902, -483*j - 83370 = -486*j - 3*g. What is the hundreds digit of j?
7
Let s = -25 - -35. Suppose s*o = 7*o - 762. Let v = o + 434. What is the hundreds digit of v?
1
Let c = 172775 + -115061. What is the hundreds digit of c?
7
Suppose -4*z - y = -19242, -5*y = -2*z - 5064 + 14674. What is the thousands digit of z?
4
Let o = 7236 + 2710. What is the thousands digit of o?
9
What is the hundreds digit of (-15 - -11)/((1/1)/(-2908 + 11))?
5
Let w(x) = -42516*x**3 - 9*x**2 - 17*x - 8. What is the hundreds digit of w(-1)?
5
Suppose -3*d + 5*c = 0, -4*d - 3*c - 26 = -c. Let w be (d + 4)*3 - -9. Suppose -252 = -10*p + w*p. What is the units digit of p?
3
Suppose 0 = -6*g - 47 + 65. Let b = -104 + 141. Let v = g + b. What is the tens digit of v?
4
Let k = 103318 + -43178. What is the units digit of k?
0
Let f be (-15)/(-10) + 4/8. Suppose 4*i - 5*u = 587, -f*i + 301 = -u - 4*u. What is the tens digit of i?
4
Let d(g) = 157*g - 5. Let l be d(1). Suppose 0 = 3*w - l - 46. What is the units digit of (-590)/(-12) - 11/w?
9
What is the units digit of (-5 + (-968028)/(-60))/(14/35)?
2
Let d(t) = -t**3 + 4*t**2 - t - 1. Let n be d(3). Let g(p) = -6 - 4*p**2 + 3*p**2 - n - 17*p. What is the tens digit of g(-9)?
6
Let k(a) = a**3 + 5*a**2 - 3*a + 2. Let s(q) = -q**3 - 5*q**2 + 3*q - 1. Let f(p) = 3*k(p) + 4*s(p). What is the tens digit of f(-9)?
9
Let i(c) = -41*c**2 - 4*c - 4. Let h be i(-2). Let m = 250 + h. Suppose -m - 11 = -b. What is the tens digit of b?
0
What is the units digit of (-6*(-16)/128)/((-1)/4) - -21291?
8
Let j(h) = 2*h**3 + 6*h**2 - 15*h + 10. Let n be j(15). Suppose -7*l + 26*l = n. What is the hundreds digit of l?
4
Let q(j) = 7*j**2 + 88*j - 863. What is the tens digit of q(10)?
1
Let p = 13306 - 4197. What is the thousands digit of p?
9
Suppose 0 = -2*g + 3*t + 101955, 0 = 110*g - 114*g - 5*t + 203811. What is the ten thousands digit of g?
5
Let f(h) = -172*h - 71. Let g be f(-2). Let d = -148 + g. What is the units digit of d?
5
Suppose c - 5*l + 504 = 0, -c - 14*l - 486 = -13*l. Let u = -288 - c. What is the hundreds digit of u?
2
Let x(h) be the third derivative of 5*h**4/24 - 7*h**3/2 - 17*h**2. Let t be x(5). Suppose z + 88 = -2*o + t*o, -2*o + 86 = -2*z. What is the units digit of o?
5
Suppose 0 = -4*a - 2*d + 29352, -3229 = -2*a - 9*d + 11399. What is the units digit of a?
1
Suppose -21*x + 368 = -5*x. Suppose -2*t + x = -905. What is the units digit of t?
4
Let r = -7141 - -73721. What is the thousands digit of r?
6
Let m be ((-8)/3)/(28/21 + -2). What is the tens digit of (1857/(-6))/(m/(-8))?
1
Let g = -19 - -15. Let b(p) = 29*p + 17. Let z be b(g). Let v = 157 + z. What is the tens digit of v?
5
Suppose -3 = -3*q + 2*p + 5, 39 = 4*q + 3*p. Suppose h - 1169 = -4*m - 0*h, 0 = 2*h + q. What is the units digit of m?
3
Let v be 1515/10*(96/(-9))/4. What is the units digit of (3 - v/(-2))*(-1 - 0)?
9
What is the tens digit of (138/(-184))/(1/(-4472))?
5
Let z be 2 + -2*6*564/(-9). Suppose -5*n - 4*x = -1676, -z = -5*n + 5*x + 886. What is the hundreds digit of n?
3
Suppose -3*s + 5*b - 612 = 0, 2*b - 403 = 2*s - 3*b. Let n = s + 336. What is the tens digit of n?
2
Suppose 0 = -w - 27 - 12. Let t = w - -42. Suppose -165 = -5*j + t*x, -2*x + 24 = 4*j - 108. What is the tens digit of j?
3
Suppose 4*g + 5*a + 8 = 0, 3*g + 5*a + 29 = 6*g. Suppose 2*j = -g*j - 55. Let s(p) = -p**3 - 11*p**2 + 26. What is the tens digit of s(j)?
2
Suppose 0 = -3*x + 6, -3*x + 0*x + 2 = -2*n. Suppose 4*y - 5*y = 5*w - 139, 787 = 5*y + n*w. Suppose 4*j - y = 33. What is the units digit of j?
8
Suppose -33264 = 1124*b - 1135*b. What is the tens digit of b?
2
What is the units digit of 7294/16 - 15/(-120)?
6
Let a(s) = s**3 - 43*s**2 + 49. Let g be a(43). Suppose 45*k - g*k = -3712. What is the hundreds digit of k?
9
Suppose -p = 2*p - 21. Let l(b) = 72*b**2 + 5*b + 8 - p - 6*b + 7*b**2. What is the units digit of l(-1)?
1
Suppose 0 = 3*s - 111 + 96. Suppose -7*y + 365 = s*m - 4*y, -3*y - 219 = -3*m. What is the tens digit of m?
7
Let q be 2*(9/(-2))/9. Let s be (10/(-4))/(q/60). Let h = s + -107. What is the tens digit of h?
4
Let h be 29288/154 - (-2)/(-11). Let k = h + -371. Let w = -122 - k. What is the tens digit of w?
5
Let n(j) = -10*j + 29. Suppose -392 = 8*r - 15*r. Suppose 42 = -14*b - r. What is the units digit of n(b)?
9
Let m(u) be the third derivative of 17*u**4/12 - 349*u**3/6 + 15*u**2. What is the hundreds digit of m(15)?
1
Let k = 44 - 49. Let a(b) = 3*b + 16. Let l be a(k). What is the tens digit of -24*(l - (-23)/(-4))?
1
Suppose 0 = -5*k - k + 24. Let j be 19 - (k/(-6))/(4/(-6)). Suppose -10*x + j*x - 520 = 0. What is the tens digit of x?
6
Let v = -59 - -82. Let l be (10/6)/(13/39). Suppose 3*t + t + j = l, 4*t - v = 5*j. What is the units digit of t?
2
Suppose -29*r - 2853 = -44584. Suppose 3*h - 2*o = r, 0*h - 5*o = -4*h + 1928. What is the tens digit of h?
7
Suppose 84*a = 85*a. Suppose a*r + 598 = 2*r + 3*h, -5*r = 5*h - 1505. What is the hundreds digit of r?
3
Suppose q + 9*q = -150. What is the hundreds digit of ((-6)/q)/((-7)/(-2520))?
1
Let n(y) = 15*y + 15*y + 122 - 161 - 5*y**2 + 12*y**2. What is the thousands digit of n(-15)?
1
What is the tens digit of (-4)/((-610)/(-493790)*147 - (-6)/(-33))?
5
What is the units digit of (11589/3 - 5)*(-15)/(-10)?
7
Let i(z) = -z**3 - 2*z**2 + z - 1. Let x be i(0). Let a = 3 + x. Suppose a*c = -4*q - 0*c + 82, -2*q + 45 = -3*c. What is the units digit of q?
1
Suppose 3*n + n + 5*j = 34923, 3*n + 3*j - 26190 = 0. What is the tens digit of n?
2
Let v(o) = -o**3 - 18*o**2 + 31*o + 4. Let w be v(-19). What is the thousands digit of (-128)/6*14280/w?
1
Let l = 37 + -38. Let z be (-567)/(-42)*(0 - (1 - 23)). What is the units digit of l/((-12)/z) + (-4)/(-16)?
5
Let n be (-29 - 22) + (-2)/2*-4. What is the units digit of n*26/(-4) - 1/(-2)?
6
Suppose 8*c = 5*c - 9, 0 = 2*p - 2*c - 500. Suppose -3*s + 359 + p = 0. What is the hundreds digit of s?
2
Suppose 627 + 1377 = -12*c. Let v = 282 + c. What is the hundreds digit of v?
1
Let s(p) = p**3 + 3*p**2 + 2*p + 2. Let u be s(-2). Suppose u*m - 326 - 311 = 3*g, 639 = 2*m - g. What is the hundreds digit of m?
3
Suppose -4*p = -5*y - 63, 15 + 33 = 3*p - 3*y. Let h = p + -13. Suppose 3*o + 115 = 5*l + 408, 5*l - 379 = -h*o. What is the tens digit of o?
9
Suppose -68*x = -15696 + 4204. What is the tens digit of x?
6
Suppose -5*n + 8 + 7 = 0. Suppose -12 = n*u, -2*z + 9 = -3*u + 1. What is the units digit of 57 + 1/z*4?
5
Let s(b) = -25*b - 49. Let u(w) = -2*w + 1. Let z(o) = 2*s(o) - 22*u(o). What is the tens digit of z(-31)?
6
Suppose -7*b + 2*b - 16850 = -5*l, -2*l + 6724 = 2*b. What is the thousands digit of l?
3
Let q(y) = 36*y + 1824. What is the thousands digit of q(-7)?
1
Suppose 1243*q - 1245*q = r - 47729, 2*r + q - 95467 = 0. What is the ten thousands digit of r?
4
Let w = -183 - -357. Suppose 3*t = -3*t + w. What is the tens digit of t?
2
Suppose 8*f + 580538 + 1330272 = 63*f. What is the ten thousands digit of f?
3
Suppose -5*s + 0*w + 2592 = -2*w, 0 = 3*s - w - 1555. Suppose 0 = 20*z - 16*z - 5*c + 1450, -9*z - 3171 = 4*c. Let q = s + z. What is the hundreds digit of q?
1
Suppose 2*b + 6*k = 4*k - 4, 0 = 2*k + 4. Suppose c + 4*x + 3 + 3 = b, -c - 5*x - 5 = 0. What is the tens digit of (-1 - 214/(-6))*(-15)/c?
5
Suppose -4*t - 3*u = -16282 - 7436, -5*u = 13*t - 77093. What is the units digit of t?
1
Let l(u) = -9*u**2 - 45*u - 9. Let g be l(-5). What is the tens digit of (-480)/((-1)/(-6)*g)?
2
Let b be 662 + (-7 - 0) + 1 + -4. Let i = b - 427. What is the hundreds digit of i?
2
Suppose 23*t - 21*t + 21172 = 3*a, -2*t = -4*